nvert -1262 (base 9) to base 12.
-66b
326 (base 12) to base 10
462
100200 (base 4) to base 15
4a6
What is -1062 (base 12) in base 9?
-2422
Convert 1113112 (base 4) to base 8.
12726
11892 (base 12) to base 8
56256
-671 (base 8) to base 13
-27c
Convert 210 (base 10) to base 4.
3102
Convert b89 (base 12) to base 9.
2276
Convert 28d2 (base 16) to base 9.
15301
Convert 752 (base 8) to base 6.
2134
What is -c6f (base 16) in base 5?
-100213
Convert -110100000 (base 2) to base 11.
-349
What is -1103100 (base 4) in base 13?
-256b
Convert 1551 (base 10) to base 12.
a93
8b58 (base 16) to base 11
2488a
-2213 (base 9) to base 7
-4521
Convert -3050 (base 6) to base 7.
-1656
What is dcb (base 15) in base 13?
1559
Convert 23f (base 16) to base 9.
708
Convert 1803 (base 11) to base 3.
10011021
What is 112011 (base 3) in base 8?
576
Convert -2a (base 11) to base 15.
-22
What is 141 (base 8) in base 4?
1201
Convert -12222 (base 3) to base 11.
-137
What is -3023 (base 7) in base 2?
-10000010110
-602 (base 7) to base 11
-24a
435 (base 16) to base 3
1110220
5c8 (base 14) to base 16
484
Convert a04 (base 11) to base 14.
62a
Convert -2242 (base 9) to base 14.
-866
What is 4230 (base 5) in base 14?
2c5
Convert -9691 (base 11) to base 4.
-3020011
Convert -6237 (base 8) to base 9.
-4380
78a9 (base 13) to base 9
25124
What is -32b6 (base 13) in base 15?
-216d
Convert -50 (base 14) to base 10.
-70
1000011110 (base 3) to base 8
46533
Convert 7400 (base 12) to base 15.
3b4c
2a9 (base 13) to base 16
1dd
-5166 (base 7) to base 5
-24222
Convert -3042 (base 7) to base 12.
-743
-100000101011 (base 2) to base 16
-82b
Convert 2456 (base 7) to base 16.
39b
48 (base 12) to base 6
132
What is -1000110100010 (base 2) in base 15?
-150e
What is 2e9 (base 15) in base 11?
559
What is 11245 (base 11) in base 5?
1010023
Convert -20a7 (base 15) to base 16.
-1afb
What is 2303130 (base 4) in base 12?
6790
What is 539 (base 10) in base 8?
1033
What is -34bb (base 13) in base 9?
-11155
Convert -103012 (base 5) to base 16.
-db3
Convert 215 (base 11) to base 3.
100120
What is -1100011 (base 3) in base 9?
-1304
-1142 (base 7) to base 14
-222
321120 (base 4) to base 14
14a4
What is -201121 (base 3) in base 5?
-4104
What is 544 (base 9) in base 3?
121111
-46 (base 14) to base 10
-62
-221 (base 3) to base 16
-19
Convert 110011001 (base 2) to base 10.
409
11a13 (base 15) to base 6
1112300
-33b (base 12) to base 8
-737
What is -55d (base 16) in base 6?
-10205
Convert 1122022 (base 3) to base 9.
1568
222021 (base 3) to base 16
2c5
What is 4ac (base 13) in base 9?
1108
-8784 (base 9) to base 16
-194b
Convert 52303 (base 8) to base 3.
1002202200
What is 4037 (base 9) in base 7?
11413
22323 (base 8) to base 3
110221011
Convert 1783 (base 11) to base 3.
10010001
Convert -4de (base 15) to base 11.
-919
Convert 2015 (base 11) to base 9.
3605
Convert -558 (base 10) to base 12.
-3a6
643 (base 11) to base 2
1100000101
What is 1111010101 (base 2) in base 4?
33111
What is -126301 (base 7) in base 3?
-1012200001
Convert 644 (base 8) to base 16.
1a4
Convert 6876 (base 13) to base 16.
3927
Convert -327 (base 13) to base 16.
-21c
-28a6 (base 12) to base 7
-16542
-1130420 (base 5) to base 15
-6225
-131112 (base 4) to base 9
-2516
Convert -10000011101010110 (base 2) to base 8.
-203526
Convert -b88 (base 14) to base 9.
-3108
Convert 106685 (base 9) to base 2.
1111100111110010
-11111110 (base 2) to base 12
-192
What is 100110 (base 2) in base 9?
42
What is 10010001101 (base 2) in base 14?
5d3
Convert 154 (base 7) to base 13.
6a
Convert 42121 (base 6) to base 3.
21202211
What is 7754 (base 9) in base 6?
42251
-3172 (base 8) to base 15
-758
What is 50d (base 14) in base 7?
2616
What is -1554 (base 14) in base 10?
-3798
What is -1010201 (base 3) in base 9?
-1121
Convert -1022001120 (base 3) to base 6.
-314153
Convert -1121201210 (base 3) to base 8.
-76211
Convert -1065a (base 11) to base 12.
-8b20
What is -471 (base 12) in base 15?
-2e1
Convert 122003 (base 4) to base 14.
871
What is -66376 (base 8) in base 12?
-14192
What is -587 (base 10) in base 6?
-2415
-2661 (base 7) to base 10
-1023
Convert 47b8 (base 15) to base 12.
89a8
Convert 111000100 (base 2) to base 15.
202
What is 40323 (base 5) in base 4?
220130
What is -12433 (base 6) in base 16?
-765
Convert b2d9 (base 14) to base 13.
11009
-916 (base 11) to base 13
-671
Convert 13838 (base 12) to base 14.
9c4c
What is 440121 (base 5) in base 15?
46c6
What is -453453 (base 6) in base 9?
-57616
232201 (base 5) to base 3
102120002
3a8 (base 11) to base 12
341
-1158d (base 14) to base 6
-523401
What is 207 (base 11) in base 16?
f9
What is -1110101 (base 3) in base 8?
-2047
Convert -12b5d (base 14) to base 4.
-23100333
1658a (base 11) to base 12
11602
Convert 6282 (base 11) to base 15.
26e8
21200112 (base 3) to base 2
1010111100011
1110011010000 (base 2) to base 15
22bb
What is -5530 (base 9) in base 2?
-111111101101
Convert 11324 (base 7) to base 10.
2909
Convert 6b1 (base 14) to base 2.
10100110011
What is 2313011 (base 4) in base 10?
11717
What is 306 (base 12) in base 2?
110110110
-7244 (base 8) to base 3
-12010211
179a (base 14) to base 2
1000010011100
Convert 149 (base 13) to base 7.
446
What is 1345240 (base 6) in base 12?
38220
-11421 (base 6) to base 9
-2254
-168 (base 15) to base 12
-22b
Convert 20290 (base 11) to base 8.
71667
Convert -2203 (base 9) to base 2.
-11001010111
What is 9fa (base 16) in base 8?
4772
Convert 421 (base 6) to base 12.
111
-2c5 (base 15) to base 5
-10020
-1104044 (base 5) to base 4
-10231022
Convert bc4 (base 14) to base 6.
14440
a24 (base 12) to base 14
76c
What is 20103 (base 4) in base 6?
2243
Convert 77c (base 13) to base 15.
5ab
-11312 (base 6) to base 3
-2020022
What is 42104 (base 5) in base 16?
adb
Convert 10b3 (base 16) to base 5.
114100
-110 (base 16) to base 14
-156
Convert -154 (base 6) to base 16.
-46
What is -228 (base 12) in base 9?
-385
Convert 1a7 (base 11) to base 12.
17a
-660 (base 11) to base 15
-37c
Convert -65407 (base 8) to base 16.
-6b07
1a8 (base 16) to base 5
3144
-101000101110 (base 2) to base 5
-40411
659 (base 12) to base 10
933
-27c (base 14) to base 11
-417
-100011 (base 2) to base 12
-2b
What is 121 (base 3) in base 15?
11
Convert -3097 (base 13) to base 15.
-1eca
453 (base 6) to base 2
10110001
Convert 9c4 (base 13) to base 16.
691
1023320 (base 4) to base 7
20105
Convert -1c1b (base 15) to base 7.
-23534
471 (base 10) to base 12
333
23554 (base 7) to base 2
1011111100011
What is a (base 15) in base 4?
22
1000101 (base 4) to base 5
112423
-130233 (base 4) to base 15
-829
What is -1001000001 (base 2) in base 10?
-577
3e (base 15) to base 3
2012
What is 12f0 (base 16) in base 14?
1aa4
7671 (base 12) to base 11
988a
Convert 1825 (base 9) to base 15.
635
1065 (base 8) to base 12
3b1
What is 5993 (base 10) in base 15?
1b98
What is 13132 (base 5) in base 12?
72a
What is 1326 (base 8) in base 4?
23112
2a1 (base 11) to base 5
2403
What is -1103321 (base 4) in base 14?
-1d57
What is -31443 (base 6) in base 13?
-1c3b
51437 (base 8) to base 12
10393
What is -229 (base 12) in base 10?
-321
Convert 57045 (base 9) to base 5.
2203244
472 (base 9) to base 7
1064
What is 3353 (base 8) in base 6?
12111
340322 (base 6) to base 8
67732
What is 580a (base 16) in base 6?
252202
3322 (base 5) to base 3
122010
2b28 (base 14) to base 11
5852
What is -100002102 (base 3) in base 15?
-1e6b
Convert 12d9 (base 14) to base 10.
3327
What is 142320 (base 5) in base 12?
3548
Convert 8908 (base 10) to base 13.
4093
What is -2102112 (base 3) in base 16?
-6e9
Convert 18ba (base 16) to base 15.
1d20
What is 1481 (base 9) in base 7?
3166
What is -65404 (base 9) in base 13?
-1695a
What is 8a2a (base 12) in base 7?
62413
What is 152 (base 14) in base 2?
100001100
-4340 (base 13) to base 5
-244342
-12b (base 13) to base 4
-3032
1890 (base 10) to base 16
762
-1134 (base 6) to base 12
-1aa
What is -116161 (base 7) in base 5?
-1140413
2434 (base 5) to base 14
1c5
-119 (base 10) to base 8
-167
What is 3a011 (base 12) in base 5?
10021001
11101111001 (base 2) to base 7
5402
-3c4 (base 14) to base 4
-23320
What is -6161 (base 15) in base 7?
-113650
Convert 101133 (base 5) to base 2.
110011011101
What is -4747 (base 9) in base 3?
-11211121
110001110011110 (